 51 and g.
17
Let l(r) = 16*r**2 - 7*r - 29. Let u be l(-9). Calculate the highest common factor of u and 350.
70
Let w be 0 - (-14)/(-42) - 7617/(-9). Calculate the highest common factor of 198 and w.
18
Let s be (3*(3 + -4))/(-3)*2. Suppose 5*b - 5*c - 10 = 0, 6*c - 3*c + 9 = 4*b. What is the highest common divisor of s and b?
1
Let r be (-12)/(-20) + (434/10)/1 - 2. Calculate the greatest common factor of r and 462.
42
Let i be 6/9*(-666)/4. Let b = i - -237. Calculate the greatest common factor of b and 84.
42
Let q = -159 - -242. Let f = q - 56. Calculate the highest common factor of 135 and f.
27
Let x(s) = s**3 + 2*s**2 - 2*s - 3. Let o be x(3). Suppose -20*m = 7*m - 2592. Calculate the highest common divisor of o and m.
12
Let z = -101 + 126. Let c be ((-3822)/245)/((-2)/z). Calculate the greatest common divisor of 15 and c.
15
Let s = 153 - 102. Suppose 0 = -8*a - s + 3. Let i(d) = -16*d + 40. Let g be i(a). What is the greatest common divisor of g and 34?
34
Let x(r) = -6*r - 5. Let w be x(4). Let i = 41 + w. Suppose 5*d - q = 3*d + 217, 2*q - 106 = -d. What is the greatest common divisor of i and d?
12
Let u(x) = -x**3 + 4*x**2 + 8*x + 60. Let y be u(-5). What is the highest common factor of y and 1645?
35
Let x be (56/(-100)*5)/((-2)/5). Let v = 146 - 34. What is the highest common divisor of x and v?
7
Let h = 1955 + -1931. What is the highest common divisor of h and 128?
8
Suppose 4*x + 71*t - 170 = 72*t, -x + 11 = 5*t. What is the greatest common divisor of 6437 and x?
41
Suppose 5*l = 4*l + 72. Let g(t) = 0 - 5 - 5 - 5 + 42*t. Let p be g(1). What is the greatest common factor of p and l?
9
Let j(s) = 14*s - 551. Let w be j(42). What is the greatest common divisor of 5180 and w?
37
Suppose 117450 = 88*y + 2*y. Calculate the highest common factor of 45 and y.
45
Let o be ((-308)/(-22) + -16)/(1/(-1 - 1083)). What is the greatest common divisor of 8 and o?
8
Let n = 1343 + -2687. Let a = 1364 + n. Suppose 5*u - 188 = -3*p, 5*u = -0*p - 2*p + 192. Calculate the greatest common divisor of a and u.
20
Suppose 1676 = -36*x + 1187 + 6213. Calculate the greatest common factor of 15688 and x.
53
Let q be (-27)/((-162)/11568)*1. What is the greatest common factor of 8 and q?
8
Let t = -115 - -117. Suppose 3*k + 41 = 4*k - 2*c, -t*k + 73 = -c. What is the highest common divisor of 21 and k?
7
Let z(d) = d**2 - 72*d + 851. Let n be z(12). Calculate the highest common factor of n and 1441.
131
Let n = 74 + 54. Suppose 100 = -2*i + n. Suppose -34 - 64 = -i*w. Calculate the greatest common divisor of w and 7.
7
Let u be 10/12 + -1 - (-2980)/24. What is the greatest common factor of u and 1271?
31
Let h(o) = 7*o - 227. Let c be h(46). Let k be (-1*c/15)/(2/(-6)). Calculate the greatest common divisor of k and 19.
19
Suppose -152 = -20*l + 48. Let h = -466 - -906. What is the highest common divisor of l and h?
10
Suppose -51937 - 17981 = -86*g. Calculate the highest common factor of 7859 and g.
271
Suppose 60*v = 53*v + 3556. Suppose -1795 + v = -9*m. Calculate the greatest common divisor of m and 13.
13
Let s be (-12)/(-21) + 1 + 4390/35. Let t = s - 117. Calculate the highest common factor of 290 and t.
10
Suppose 25*v + 49*v - 222 = 0. Suppose 5*r + 124 = 2*j, -2*j + 110 = 2*r - 0*r. Calculate the highest common divisor of j and v.
3
Let a(b) = -2*b + 1 - 2*b**2 + 0 + 2 - 1. Let h be a(2). Let i = h - -80. What is the highest common factor of 7 and i?
7
Suppose g - 2*g - 126 = 0. Let n = g + 133. Let x(j) = -10*j**3 - j**2 + 1. Let z be x(-2). Calculate the highest common divisor of n and z.
7
Let u(l) = -l**2 - 45*l + 801. Let w be u(-52). Calculate the highest common factor of w and 19.
19
Let h be 104/(-13) + 16 - (-1 - 487). Calculate the greatest common divisor of h and 372.
124
Let m = -218 - -224. Let n be 22*(-30)/(-18)*m/20. Calculate the greatest common divisor of n and 55.
11
Suppose 0 = 5*j + 9*g - 6*g - 6540, -5269 = -4*j + 5*g. What is the highest common divisor of j and 228?
57
Let b be ((-11)/(-5) + -3)*(-5850)/144*4. What is the greatest common divisor of 1508 and b?
26
Suppose 4*w + 3*z = 7*w, -5*z = w - 30. Suppose -2*x = -10*q + w*q + 233, 49 = q - x. What is the highest common factor of 10 and q?
5
Suppose 9*f - 5*f = -80. Let z(b) be the first derivative of b**3/3 + 10*b**2 + 21*b - 4. Let j be z(f). What is the greatest common divisor of 14 and j?
7
Let s be (-100)/(-6) + (-15)/9. Suppose 0 = 2*c + s - 5. Let x be 6 + (-8)/20*c. What is the highest common factor of x and 8?
8
Let f be 2/((-3)/((-441)/6)). Let r(x) = 70*x + 1085. Let d be r(-15). What is the highest common divisor of f and d?
7
Let m = 86 + -78. Suppose 14*d = m*d - 114. Let h(t) = -t**2 - 21*t - 26. Let o be h(d). What is the greatest common factor of 30 and o?
6
Let h(o) = -o + 12. Let l be h(8). Suppose -40 = -2*c + 18*w - 15*w, l*c = 2*w + 72. What is the greatest common divisor of c and 17?
17
Let y = -3330 - -3454. What is the greatest common divisor of 2573 and y?
31
Suppose -13*p + 5*p + 32 = 0. Suppose -540 = -p*v - 180. Calculate the greatest common factor of 40 and v.
10
Let g(z) be the second derivative of -z**4/12 + 19*z**3/6 - 8*z**2 + z + 9. Let i be g(5). Calculate the highest common divisor of 378 and i.
54
Let l(z) = z + 15. Let q be l(20). Let a = 35 - q. Let y be a - 2/13 - (-63296)/416. Calculate the highest common factor of 19 and y.
19
Let s be 190*22/220*15. Calculate the highest common divisor of 23085 and s.
285
Suppose 7*k + 28 = -0*k. Let d be 131 - (4/k - -6). Calculate the highest common factor of 36 and d.
18
Suppose 2*q - 12*b - 12464 = -14*b, -q - 3*b + 6234 = 0. Calculate the highest common divisor of q and 186.
93
Let g = -19 - -44. Let o(w) = -w**2 - 18*w - 22. Let b be o(-16). Let y = 15 - b. Calculate the greatest common factor of g and y.
5
Suppose 6197 = 43*v + 177. Calculate the highest common divisor of 126 and v.
14
Suppose -12*j = -13*j + 2*s + 203, 5*s - 1624 = -8*j. What is the highest common divisor of j and 464?
29
Let h = 6231 + 2481. What is the greatest common factor of 72 and h?
72
Suppose 23784 - 2834 = 25*q. Suppose -244 + q = b. Calculate the highest common factor of 22 and b.
22
Suppose 0 = -2*k + 8, -16 = -h + 5*k + 532. Let p = h - 493. Calculate the highest common divisor of p and 5.
5
Suppose -h - 2*w = -14 - 0, 2*h = -5*w + 23. Suppose -h*p + 29*p - 30 = 0. What is the highest common factor of 27 and p?
3
Let r = -1760 - -1837. Calculate the greatest common factor of r and 63.
7
Let u be 34/6 + (-4)/6. Suppose -u*z = m + 559, z + 117 = 6*m - m. Let r = z - -120. Calculate the highest common factor of 36 and r.
4
Suppose 7*j + 42 = 2*w + 4*j, -63 = -3*w - j. Let s(a) = a + 71. Let v be 76/(-10) + 50/(-125). Let m be s(v). What is the highest common factor of w and m?
21
Let v = 4093 - 2649. What is the greatest common factor of v and 8?
4
Suppose 16*l - 324 = 14*l. Calculate the highest common factor of l and 198.
18
Suppose -u = 170 - 174. Suppose 3*b = 5*a + 1774, -5*b + 1238 = u*a - 1657. What is the greatest common factor of b and 53?
53
Let w = 64 + 296. Suppose 5*i - 2*h - 1420 = 0, 133*h = -4*i + 130*h + 1182. What is the greatest common divisor of i and w?
72
Let q = -3643 + 3674. Calculate the greatest common divisor of q and 1643.
31
Suppose -2*r + 13 = 4*k - 25, 0 = k. Let n(l) = -l + 33. Let g = 327 - 351. Let a be n(g). What is the highest common divisor of a and r?
19
Let g = 0 + 5. Let k(b) = b**2 + 73*b + 632. Let d be k(-10). Suppose g*t = -2*n + 8*t + 2, -16 = -3*n - d*t. What is the highest common divisor of 36 and n?
4
Suppose -6*z + g = -10*z + 35, 2*z = -4*g. Suppose 4*w = 3*q + 446, z*w + 4*q = 5*w + 542. Suppose 3*u - 44 = -14. What is the highest common factor of u and w?
10
Let v = -21 + 28. Suppose -v*s + 169 = -97. What is the highest common divisor of 342 and s?
38
Let k = 64 + 259. Let y = 19019 - 19002. What is the greatest common factor of k and y?
17
Let q(j) = -8*j**2 - 5*j - 5. Let m be q(-3). Let v = 62 + m. Suppose v = -5*s - s + 204. Calculate the greatest common factor of s and 34.
34
Let y be (-48 - -110)*(174 - 8/2). What is the greatest common factor of y and 255?
85
Suppose -3*u = -2*u - 432. Suppose -3*w + 17*a + 168 = 15*a, 4*w + 2*a - 210 = 0. W